 the prime factors of 1332126424?
2, 71, 131, 17903
List the prime factors of 3075557323.
3075557323
List the prime factors of 181724136.
2, 3, 11, 41, 103, 163
List the prime factors of 332203395.
3, 5, 22146893
List the prime factors of 117137013.
3, 7, 79, 70607
What are the prime factors of 879206350?
2, 5, 11, 1598557
What are the prime factors of 285180989?
2393, 119173
List the prime factors of 18518407.
19, 974653
What are the prime factors of 236772326?
2, 7, 16912309
List the prime factors of 3605062953.
3, 1201687651
What are the prime factors of 578538938?
2, 10163, 28463
List the prime factors of 3400940768.
2, 181, 587179
List the prime factors of 47887604.
2, 11971901
List the prime factors of 1237264039.
11, 101, 997, 1117
What are the prime factors of 3545403047?
6389, 554923
List the prime factors of 25214239.
25214239
List the prime factors of 11676651.
3, 7, 79433
What are the prime factors of 1740984465?
3, 5, 11, 10551421
List the prime factors of 8189251449.
3, 29, 887, 106121
List the prime factors of 16211844.
2, 3, 11, 40939
What are the prime factors of 6334818252?
2, 3, 7, 6229, 12107
List the prime factors of 1907280274.
2, 157, 311, 19531
What are the prime factors of 1017293170?
2, 5, 37, 2749441
What are the prime factors of 6458592?
2, 3, 7, 1373
List the prime factors of 158363220.
2, 3, 5, 1559, 1693
List the prime factors of 699174184.
2, 87396773
List the prime factors of 342348678.
2, 3, 7, 263, 10331
What are the prime factors of 205459658?
2, 71, 1446899
What are the prime factors of 23848265?
5, 7, 41, 16619
What are the prime factors of 67945288?
2, 967, 8783
What are the prime factors of 1030559718?
2, 3, 29, 204233
List the prime factors of 698522711.
1487, 469753
What are the prime factors of 57751573?
11, 5250143
List the prime factors of 525631498.
2, 7, 167, 383, 587
What are the prime factors of 270345254?
2, 17, 7951331
List the prime factors of 220427128.
2, 2371, 11621
List the prime factors of 63425698.
2, 7, 647201
What are the prime factors of 2248220321?
2248220321
List the prime factors of 2265077447.
2265077447
What are the prime factors of 70405684?
2, 17601421
List the prime factors of 60137548.
2, 23, 127, 5147
List the prime factors of 3752845024.
2, 117276407
List the prime factors of 529563177.
3, 11, 13, 131, 349
List the prime factors of 55037784.
2, 3, 281, 8161
List the prime factors of 128536062.
2, 3, 29, 738713
List the prime factors of 7521127.
31, 242617
What are the prime factors of 201076292?
2, 31, 1621583
What are the prime factors of 71409072?
2, 3, 7, 97, 313
What are the prime factors of 436961887?
41, 10657607
What are the prime factors of 198441521?
71, 73, 38287
What are the prime factors of 1345431007?
479, 2808833
List the prime factors of 2842701090.
2, 3, 5, 3701, 25603
What are the prime factors of 72238090?
2, 5, 7223809
List the prime factors of 806705220.
2, 3, 5, 23, 83, 7043
What are the prime factors of 49399248?
2, 3, 1029151
List the prime factors of 1401167226.
2, 3, 79, 137, 21577
What are the prime factors of 599566466?
2, 193, 1553281
List the prime factors of 160178535.
3, 5, 11, 151, 2143
List the prime factors of 2005712464.
2, 7, 151, 233, 509
What are the prime factors of 161101060?
2, 5, 101, 173, 461
What are the prime factors of 46905515?
5, 569, 16487
What are the prime factors of 44040433?
3637, 12109
List the prime factors of 202012603.
13, 15539431
List the prime factors of 2019259514.
2, 1009629757
What are the prime factors of 1947684852?
2, 3, 157, 12763
List the prime factors of 1564559354.
2, 61, 113, 113489
What are the prime factors of 3632557489?
11, 59, 5597161
List the prime factors of 253631630.
2, 5, 7, 43, 84263
List the prime factors of 13021586.
2, 6510793
List the prime factors of 106940505.
3, 5, 7, 41, 24841
What are the prime factors of 174488437?
2011, 86767
List the prime factors of 32565015.
3, 5, 7, 67, 1543
List the prime factors of 147692453.
19, 23, 337969
List the prime factors of 359118279.
3, 13, 79, 1439
What are the prime factors of 901260167?
179, 5034973
What are the prime factors of 32666808?
2, 3, 23, 31, 83
What are the prime factors of 127947258?
2, 3, 37, 192113
What are the prime factors of 42360963?
3, 23, 757, 811
List the prime factors of 1939466714.
2, 969733357
List the prime factors of 9123143.
9123143
List the prime factors of 1380742668.
2, 3, 331, 115873
List the prime factors of 2988022288.
2, 186751393
List the prime factors of 49164307.
79, 622333
What are the prime factors of 3171303567?
3, 352367063
List the prime factors of 172791849.
3, 57597283
List the prime factors of 100212848.
2, 6263303
List the prime factors of 249970213.
19, 13156327
List the prime factors of 271991816.
2, 33998977
What are the prime factors of 3229892418?
2, 3, 31, 17365013
List the prime factors of 3755889695.
5, 19, 39535681
List the prime factors of 1467271595.
5, 8669, 33851
List the prime factors of 156973958.
2, 2269, 34591
What are the prime factors of 28895224?
2, 31, 37, 47, 67
List the prime factors of 203694433.
61, 191, 17483
What are the prime factors of 1009795513?
83, 89, 223, 613
What are the prime factors of 37661132?
2, 223, 42221
What are the prime factors of 525546004?
2, 19, 29, 238451
List the prime factors of 1102396019.
37, 149, 359, 557
List the prime factors of 26745394.
2, 13, 1028669
What are the prime factors of 38247399?
3, 17, 19, 59, 223
What are the prime factors of 642681947?
653, 984199
What are the prime factors of 88507269?
3, 3278047
List the prime factors of 1557090083.
433, 1019, 3529
List the prime factors of 21653741.
23, 941467
What are the prime factors of 2863170?
2, 3, 5, 29, 1097
List the prime factors of 54493550.
2, 5, 193, 5647
What are the prime factors of 105900015?
3, 5, 13, 19, 101, 283
List the prime factors of 1049436457.
43, 547, 44617
List the prime factors of 55362912.
2, 3, 11, 103, 509
What are the prime factors of 399286498?
2, 13, 1181321
What are the prime factors of 1049378956?
2, 23, 59, 193327
List the prime factors of 1437405947.
17, 1301, 3823
What are the prime factors of 793159?
793159
What are the prime factors of 235673?
235673
List the prime factors of 32035825.
5, 1281433
What are the prime factors of 202605625?
5, 179, 1811
What are the prime factors of 65744123?
19, 3460217
What are the prime factors of 2707705600?
2, 5, 17, 41, 607
What are the prime factors of 17782066?
2, 8891033
List the prime factors of 633631510.
2, 5, 63363151
What are the prime factors of 533208099?
3, 3217, 55249
What are the prime factors of 71612537?
47, 1523671
What are the prime factors of 553653931?
167, 307, 10799
What are the prime factors of 628177511?
13, 653, 73999
What are the prime factors of 220597467?
3, 19, 79, 48989
List the prime factors of 12357871.
31, 271, 1471
What are the prime factors of 44141445?
3, 5, 980921
What are the prime factors of 94219357?
94219357
List the prime factors of 719208767.
19, 37853093
List the prime factors of 24925620.
2, 3, 5, 415427
What are the prime factors of 390072055?
5, 17, 4589083
What are the prime factors of 52097896?
2, 1297, 5021
List the prime factors of 55239280.
2, 5, 690491
What are the prime factors of 91362947?
13, 17, 79, 5233
List the prime factors of 478566983.
17, 28150999
List the prime factors of 33500201.
7, 67, 71429
What are the prime factors of 71569049?
31, 2308679
List the prime factors of 1724207327.
59, 29223853
What are the prime factors of 525463200?
2, 3, 5, 17, 53
What are the prime factors of 497298212?
2, 17, 367, 19927
List the prime factors of 3168249113.
39679, 79847
List the prime factors of 902888699.
902888699
What are the prime factors of 1029226321?
41, 25103081
List the prime factors of 35234388.
2, 3, 7, 89, 1571
List the prime factors of 153320231.
23, 6666097
What are the prime factors of 723627730?
2, 5, 7, 19, 31, 17551
What are the prime factors of 453298607?
83, 433, 12613
List the prime factors of 4626011482.
2, 23, 2999, 33533
What are the prime factors of 9251853?
3, 13, 157, 1511
What are the prime factors of 177022650?
2, 3, 5, 7, 53, 3181
List the prime factors of 6288550501.
29, 3299, 65731
What are the prime factors of 3007227?
3, 23, 41, 1